{"id":139,"date":"2020-07-29T10:47:00","date_gmt":"2020-07-29T08:47:00","guid":{"rendered":"https:\/\/kofm.pl\/?page_id=139"},"modified":"2020-08-28T15:00:26","modified_gmt":"2020-08-28T13:00:26","slug":"krzyszt-of-misiak-silami-natury","status":"publish","type":"page","link":"https:\/\/kofm.pl\/?page_id=139","title":{"rendered":"Krzyszt of Misiak &#8211; Si\u0142ami Natury"},"content":{"rendered":"\n<div class=\"wp-block-image\"><figure class=\"aligncenter size-large\"><img loading=\"lazy\" decoding=\"async\" width=\"419\" height=\"378\" src=\"https:\/\/kofm.pl\/wp-content\/uploads\/2020\/07\/cover_25.jpg\" alt=\"\" class=\"wp-image-140\" srcset=\"https:\/\/kofm.pl\/wp-content\/uploads\/2020\/07\/cover_25.jpg 419w, https:\/\/kofm.pl\/wp-content\/uploads\/2020\/07\/cover_25-300x271.jpg 300w\" sizes=\"auto, (max-width: 419px) 100vw, 419px\" \/><\/figure><\/div>\n\n\n\n<figure class=\"wp-block-table\"><table><tbody><tr><td class=\"has-text-align-right\" data-align=\"right\">1.<\/td><td>Si\u0142ami Natury &#8211; Genesis By Nature&#8217;s Force<br>&#8211; <b>Genesis Viribus naturae<\/b> (K.Misiak)<br>feat. Piotr Krzemi\u0144ski &#8211; trumpet,<br>Mieczys\u0142aw Grubiak &#8211; tenor sax<\/td><td class=\"has-text-align-right\" data-align=\"right\">5:57<\/td><\/tr><tr><td class=\"has-text-align-right\" data-align=\"right\">2.<\/td><td>Las samoobs\u0142ugowy &#8211; Self-service Forest<br>&#8211; <b>Silva aperta<\/b> (K.Misiak)<br>feat. Micha\u0142 Borowski &#8211; soprano sax<\/td><td class=\"has-text-align-right\" data-align=\"right\">5:23<\/td><\/tr><tr><td class=\"has-text-align-right\" data-align=\"right\">3.<\/td><td>Od czasu do czasu bezwietrznie<br>&#8211; Windless from time to time<br>&#8211; <b>Nonnumquam sine vento<\/b> (K.Misiak)<\/td><td class=\"has-text-align-right\" data-align=\"right\">6:32<\/td><\/tr><tr><td class=\"has-text-align-right\" data-align=\"right\">4.<\/td><td>Jaskinia feromon\u00f3w &#8211; Cave of pheromones<br>&#8211; <b>Fragrantiarum specus<\/b> (K.Misiak)<br>feat. Wojciech Pilichowski &#8211; fretless bass,<br>Mieczys\u0142aw Grubiak &#8211; tenor sax <\/td><td class=\"has-text-align-right\" data-align=\"right\">3:54<\/td><\/tr><tr><td class=\"has-text-align-right\" data-align=\"right\">5.<\/td><td>Wypuszczaj\u0105c \u017c\u00f3\u0142wia do oceanu<br>&#8211;  Releasing a turtle into the ocean<br>&#8211; <b>Testudinem in oceanum liberans<\/b> (K.Misiak)<\/td><td class=\"has-text-align-right\" data-align=\"right\">4:32<\/td><\/tr><tr><td class=\"has-text-align-right\" data-align=\"right\">6.<\/td><td>Krajobraz grzecznych opowie\u015bci<br>&#8211; Landscape of polite stories<br>&#8211; <b>Iucundarum fabularum regio<\/b> (K.Misiak)<br>feat. Dave Latchaw &#8211; synthesizer solo,<br>Mieszko S\u0142u\u017cewski &#8211; harmonica<\/td><td class=\"has-text-align-right\" data-align=\"right\">4:40<\/td><\/tr><tr><td class=\"has-text-align-right\" data-align=\"right\">7.<\/td><td>Burzowo &#8211; Stormily &#8211; <b>Procellose<\/b> (K.Misiak)<\/td><td class=\"has-text-align-right\" data-align=\"right\">5:24<\/td><\/tr><tr><td class=\"has-text-align-right\" data-align=\"right\">8.<\/td><td>Oddech podwodnego miasta<br>&#8211; Breath of the submerged city<br>&#8211; <b>Urbis subaquaneae respiratio<\/b> (K.Misiak)<br>feat. Piotr Kelm &#8211; violin<\/td><td class=\"has-text-align-right\" data-align=\"right\">5:19<\/td><\/tr><tr><td class=\"has-text-align-right\" data-align=\"right\">9.<\/td><td>Fujarka ich pogodzi &#8211; The pipe will reconsile them<br>&#8211; <b>Fistula eos reconciliabit<\/b> (K.Misiak)<\/td><td class=\"has-text-align-right\" data-align=\"right\">5:51<\/td><\/tr><tr><td class=\"has-text-align-right\" data-align=\"right\">10.<\/td><td>Artefakty codzienno\u015bci &#8211; Artifacts of everyday life &#8211; <b>Rerum cotidianarum artificia<\/b> (K.Misiak)<br>feat. Mateusz Smoczy\u0144ski &#8211; violin,<br>Piotr Krzemi\u0144ski &#8211; trumpet<\/td><td class=\"has-text-align-right\" data-align=\"right\">6:20<\/td><\/tr><tr><td><\/td><td class=\"has-text-align-right\" data-align=\"right\">Total time:<\/td><td class=\"has-text-align-right\" data-align=\"right\">54:10<\/td><\/tr><\/tbody><\/table><\/figure>\n\n\n\n<p><strong>Musicians:<br>Krzyszt of Misiak<\/strong> &#8211; guitars<br>&amp; all other instruments via midi programming<\/p>\n\n\n\n<p>most welcome contributed Artists:<br><strong>Piotr Krzemi\u0144ski<\/strong> (1,10) &#8211; trumpet (<a href=\"http:\/\/www.piotrkrzeminski.com\" target=\"_blank\" rel=\"noreferrer noopener\">www.piotrkrzeminski.com<\/a>)<br><strong>Mieczys\u0142aw Grubiak<\/strong> (1,4) &#8211; tenor sax<br><strong>Micha\u0142 Borowski <\/strong>(2) &#8211; soprano sax (<a href=\"http:\/\/www.michalborowski.com\" target=\"_blank\" rel=\"noreferrer noopener\">www.michalborowski.com<\/a>)<br><strong>Wojciech Pilichowski <\/strong>(4) &#8211; fretless bass<br>D<strong>ave Latchaw<\/strong> (6) &#8211; synthesizer (<a href=\"http:\/\/www.latchmusic.com\" target=\"_blank\" rel=\"noreferrer noopener\">www.latchmusic.com<\/a>)<br><strong>Mieszko S\u0142u\u017cewski <\/strong>(6) &#8211; harmonica (<a href=\"http:\/\/www.brodatedzwieki.pl\" target=\"_blank\" rel=\"noreferrer noopener\">www.brodatedzwieki.pl<\/a>)<br><strong>Piotr Kelm<\/strong> (8) &#8211; violin<br><strong>Mateusz Smoczy\u0144ski<\/strong> (10) &#8211; violin (<a href=\"http:\/\/www.smoczynski.pl\" target=\"_blank\" rel=\"noreferrer noopener\">www.smoczynski.pl<\/a>)<\/p>\n\n\n\n<p>Graphic design \u2013 <b>Remigiusz Idzik<\/b> (<a href=\"http:\/\/www.pixelirium.pl\" target=\"_blank\" rel=\"noreferrer noopener\">www.pixelirium.pl<\/a>)<br>Photography \u2013 <b>S\u0142awomir Kowalczyk<\/b> (<a href=\"http:\/\/www.skowalczyk.pl\" target=\"_blank\" rel=\"noreferrer noopener\">www.skowalczyk.pl<\/a>)<br>Composed, produced and recorded by <b>Krzysztof Misiak<\/b><br>between September 2018 and May 2020<br>at <b>K-of-M<\/b> small-room-by-the-little-radiator-studio<br>Mixed &#8211; <b>K-of-M &amp; Wojciech Cichocki<\/b> (Varran Sound)<\/p>\n\n\n\n<p><strong>Gear provided by:<\/strong><br><strong>Ibanez<\/strong> <a rel=\"noreferrer noopener\" href=\"http:\/\/www.meinldistribution.eu\" target=\"_blank\">www.meinldistribution.eu<\/a> <a rel=\"noreferrer noopener\" href=\"http:\/\/www.ibanezguitars.pl\" target=\"_blank\">www.ibanezguitars.pl<\/a><br><strong>Plexsound<\/strong> <a rel=\"noreferrer noopener\" href=\"http:\/\/www.plexsound.pl\" target=\"_blank\">www.plexsound.pl<\/a><br><strong>Music Info<\/strong> <a rel=\"noreferrer noopener\" href=\"http:\/\/www.musicinfo.pl\" target=\"_blank\">www.musicinfo.pl<\/a><br><strong>Taurus Amp<\/strong> <a rel=\"noreferrer noopener\" href=\"http:\/\/www.taurus-amp.pl\" target=\"_blank\">www.taurus-amp.pl<\/a><\/p>\n\n\n\n<p><strong>My utensils:<\/strong><br>Ibanez, Ernie Ball, Plexsound, Servo<\/p>\n\n\n\n<figure class=\"wp-block-image size-large\"><img loading=\"lazy\" decoding=\"async\" width=\"150\" height=\"150\" src=\"https:\/\/kofm.pl\/wp-content\/uploads\/2020\/07\/ikonka_kofm_square.gif\" alt=\"\" class=\"wp-image-124\"\/><\/figure>\n\n\n\n<p><b>Wsparcie:<\/b><\/p>\n\n\n\n<figure class=\"wp-block-table aligncenter\"><table><tbody><tr><td><a href=\"https:\/\/magazyngitarzysta.pl\/\" target=\"_blank\" rel=\"noopener noreferrer\"><img loading=\"lazy\" decoding=\"async\" width=\"150\" height=\"125\" class=\"wp-image-202\" style=\"width: 150px;\" src=\"https:\/\/kofm.pl\/wp-content\/uploads\/2020\/07\/gitarzysta.jpg\" alt=\"\"><\/a><\/td><td><a href=\"http:\/\/www.pixelirium.pl\/\" target=\"_blank\" rel=\"noopener noreferrer\"><img loading=\"lazy\" decoding=\"async\" width=\"150\" height=\"150\" class=\"wp-image-209\" style=\"width: 150px;\" src=\"https:\/\/kofm.pl\/wp-content\/uploads\/2020\/07\/pixelirium.jpg\" alt=\"\" srcset=\"https:\/\/kofm.pl\/wp-content\/uploads\/2020\/07\/pixelirium.jpg 320w, https:\/\/kofm.pl\/wp-content\/uploads\/2020\/07\/pixelirium-300x300.jpg 300w, https:\/\/kofm.pl\/wp-content\/uploads\/2020\/07\/pixelirium-150x150.jpg 150w, https:\/\/kofm.pl\/wp-content\/uploads\/2020\/07\/pixelirium-100x100.jpg 100w\" sizes=\"auto, (max-width: 150px) 100vw, 150px\" \/><\/a><\/td><\/tr><tr><td><a href=\"https:\/\/rmixx.pl\/\" target=\"_blank\" rel=\"noopener noreferrer\"><img loading=\"lazy\" decoding=\"async\" width=\"150\" height=\"136\" class=\"wp-image-213\" style=\"width: 150px;\" src=\"https:\/\/kofm.pl\/wp-content\/uploads\/2020\/07\/rmixx.jpg\" alt=\"\" srcset=\"https:\/\/kofm.pl\/wp-content\/uploads\/2020\/07\/rmixx.jpg 1838w, https:\/\/kofm.pl\/wp-content\/uploads\/2020\/07\/rmixx-300x271.jpg 300w, https:\/\/kofm.pl\/wp-content\/uploads\/2020\/07\/rmixx-1024x926.jpg 1024w, https:\/\/kofm.pl\/wp-content\/uploads\/2020\/07\/rmixx-768x694.jpg 768w, https:\/\/kofm.pl\/wp-content\/uploads\/2020\/07\/rmixx-1536x1389.jpg 1536w\" sizes=\"auto, (max-width: 150px) 100vw, 150px\" \/><\/a><\/td><td><a href=\"https:\/\/zaiks.org.pl\/\" target=\"_blank\" rel=\"noopener noreferrer\"><img loading=\"lazy\" decoding=\"async\" width=\"150\" height=\"150\" class=\"wp-image-215\" style=\"width: 150px;\" src=\"https:\/\/kofm.pl\/wp-content\/uploads\/2020\/07\/ZAiKS.jpg\" alt=\"\" srcset=\"https:\/\/kofm.pl\/wp-content\/uploads\/2020\/07\/ZAiKS.jpg 354w, https:\/\/kofm.pl\/wp-content\/uploads\/2020\/07\/ZAiKS-300x300.jpg 300w, https:\/\/kofm.pl\/wp-content\/uploads\/2020\/07\/ZAiKS-150x150.jpg 150w, https:\/\/kofm.pl\/wp-content\/uploads\/2020\/07\/ZAiKS-100x100.jpg 100w\" sizes=\"auto, (max-width: 150px) 100vw, 150px\" \/><\/a><\/td><\/tr><tr><td colspan=\"2\" align=\"center\"><a href=\"http:\/\/mosirplock.pl\/\" target=\"_blank\" rel=\"noopener noreferrer\"><img decoding=\"async\" class=\"wp-image-213\" style=\"width: 150px;\" src=\"https:\/\/kofm.pl\/wp-content\/uploads\/2020\/07\/mosir.jpg\" alt=\"\"><\/a><\/td><\/tr><\/tbody><\/table><\/figure>\n\n\n\n<p><strong>Ekologiczny dekalog \u015bw. Franciszka z Asy\u017cu. Z w\u0142oskiego spolszczy\u0142 o. Stanis\u0142aw Jaromi OFMConv.<\/strong><\/p>\n\n\n\n<ol class=\"wp-block-list\"><li>B\u0105d\u017a cz\u0142owiekiem w\u015br\u00f3d stworze\u0144, bratem mi\u0119dzy bra\u0107mi.<\/li><li>Traktuj wszystkie rzeczy stworzone z mi\u0142o\u015bci\u0105 i czci\u0105.<\/li><li>Tobie zosta\u0142a powierzona Ziemia jak ogr\u00f3d; rz\u0105d\u017a ni\u0105 z m\u0105dro\u015bci\u0105.<\/li><li>Troszcz si\u0119 o cz\u0142owieka, o zwierz\u0119, o zio\u0142o, o wod\u0119 i powietrze, aby Ziemia nie zosta\u0142a ich zupe\u0142nie pozbawiona.<\/li><li>U\u017cywaj rzeczy z umiarem, gdy\u017c rozrzutno\u015b\u0107 nie ma przysz\u0142o\u015bci.<\/li><li>Tobie jest zadana misja odkrycia misterium posi\u0142ku: aby \u017cycie nape\u0142nia\u0142o si\u0119 \u017cyciem.<\/li><li>Przerwij w\u0119ze\u0142 przemocy, aby zrozumie\u0107, jakie s\u0105 prawa istnienia.<\/li><li>Pami\u0119taj, \u017ce \u015bwiat nie jest jedynie odbiciem twego obrazu, lecz nosi w sobie wyobra\u017cenie Boga Najwy\u017cszego.<\/li><li>Kiedy \u015bcinasz drzewo zostaw cho\u0107 jeden p\u0119d, aby jego \u017cycie nie zosta\u0142o przerwane.<\/li><li>St\u0105paj z szacunkiem po kamieniach, gdy\u017c ka\u017cda rzecz posiada swoj\u0105 warto\u015b\u0107.<\/li><\/ol>\n\n\n\n<p><strong>Ecological decalogue of St. Francis of Assisi &#8211; na angielski prze\u0142o\u017cy\u0142 Amadeusz Misiak<\/strong><\/p>\n\n\n\n<ol class=\"wp-block-list\"><li>Be human around creatures, be a brother to brothers.<\/li><li>Treat all creations with love and kindness.<\/li><li>Earth was given to you like a garden; rule it smartly.<\/li><li>Care for another person, animal, nature, water and air, so that Earth isn\u2019t deprived of them.<\/li><li>Use all things adequately, as profligacy has no future.<\/li><li>You have been assigned a mission of finding the mystery of meals; so that life fils itself with life.<\/li><li>Cut the chain of violence to understand what are the rules of existence.<\/li><li>Remember that the world isn&#8217;t only the reflection of your image, but it brings in itself the imagination of God Almighty.<\/li><li>When you cut a tree, leave at least one root, so that it\u2019s life isn\u2019t cut.<\/li><li>Walk with respect upon stone, as all things have value.<\/li><\/ol>\n\n\n\n<p><strong>Decalogus oecologicus Sancti Francisci Assisiensis &#8211; przek\u0142ad na \u0142acin\u0119 &#8211; Mateusz Kwiatkowski<\/strong><\/p>\n\n\n\n<ol class=\"wp-block-list\"><li>Homo inter viventia es, frater inter fratres.<\/li><li>Tracta omnes res factae diligeter atque caritate.<\/li><li>Terra hortus est tibi data, in eam dominare sapiente.<\/li><li>Cura hominem, animal, herbam, aquam et a\u00ebrem, ne solide terra eis privatura sit.<\/li><li>Utere modice rebus. Luxuria non posteritatem habet.<\/li><li>Tibi est inveniendum misterium cibi, ut vita impleatur vita.<\/li><li>Solve nodum terroris, ut intelligas principia existentiae.<\/li><li>Memento universum non solum imaginem species tuae esse, sed etiam in se ipso imaginem Dei Omnipotentis ferre.<\/li><li>Arbore caedente certe unum germen relinque, ut non perditum sit.<\/li><li>Fac honeste passus in lapides, nam omnis res pretium suum habet.<\/li><\/ol>\n","protected":false},"excerpt":{"rendered":"<p>1. Si\u0142ami Natury &#8211; Genesis By Nature&#8217;s Force&#8211; Genesis Viribus naturae (K.Misiak)feat. Piotr Krzemi\u0144ski &#8211; trumpet,Mieczys\u0142aw Grubiak &#8211; tenor sax 5:57 2. Las samoobs\u0142ugowy &#8211; Self-service Forest&#8211; Silva aperta (K.Misiak)feat. Micha\u0142 Borowski &#8211; soprano sax 5:23 3. Od czasu do czasu bezwietrznie&#8211; Windless from time to time&#8211; Nonnumquam sine vento (K.Misiak) 6:32 4. Jaskinia feromon\u00f3w &hellip; <\/p>\n<p class=\"link-more\"><a href=\"https:\/\/kofm.pl\/?page_id=139\" class=\"more-link\">Czytaj dalej<span class=\"screen-reader-text\"> \u201eKrzyszt of Misiak &#8211; Si\u0142ami Natury\u201d<\/span><\/a><\/p>\n","protected":false},"author":1,"featured_media":0,"parent":136,"menu_order":99,"comment_status":"closed","ping_status":"closed","template":"","meta":{"footnotes":""},"class_list":["post-139","page","type-page","status-publish","hentry"],"_links":{"self":[{"href":"https:\/\/kofm.pl\/index.php?rest_route=\/wp\/v2\/pages\/139","targetHints":{"allow":["GET"]}}],"collection":[{"href":"https:\/\/kofm.pl\/index.php?rest_route=\/wp\/v2\/pages"}],"about":[{"href":"https:\/\/kofm.pl\/index.php?rest_route=\/wp\/v2\/types\/page"}],"author":[{"embeddable":true,"href":"https:\/\/kofm.pl\/index.php?rest_route=\/wp\/v2\/users\/1"}],"replies":[{"embeddable":true,"href":"https:\/\/kofm.pl\/index.php?rest_route=%2Fwp%2Fv2%2Fcomments&post=139"}],"version-history":[{"count":51,"href":"https:\/\/kofm.pl\/index.php?rest_route=\/wp\/v2\/pages\/139\/revisions"}],"predecessor-version":[{"id":353,"href":"https:\/\/kofm.pl\/index.php?rest_route=\/wp\/v2\/pages\/139\/revisions\/353"}],"up":[{"embeddable":true,"href":"https:\/\/kofm.pl\/index.php?rest_route=\/wp\/v2\/pages\/136"}],"wp:attachment":[{"href":"https:\/\/kofm.pl\/index.php?rest_route=%2Fwp%2Fv2%2Fmedia&parent=139"}],"curies":[{"name":"wp","href":"https:\/\/api.w.org\/{rel}","templated":true}]}}